819
In base 3, what is 11111 + 12102?
100220
In base 3, what is -11 - -10011002120?
10011002102
In base 8, what is -52703 + 21?
-52662
In base 6, what is 10 - -552?
1002
In base 4, what is -220230233 - -11?
-220230222
In base 7, what is -213120 + 1?
-213116
In base 7, what is 5 - 43011?
-43003
In base 4, what is 312 - 32310223?
-32303311
In base 11, what is 22 + -a74?
-a52
In base 11, what is -86a83 + 5?
-86a79
In base 2, what is 11010110100000001111001 + -1?
11010110100000001111000
In base 14, what is 207 + 489?
692
In base 16, what is 13c - -530?
66c
In base 10, what is 10 - -447429?
447439
In base 7, what is 1364066 - 1?
1364065
In base 8, what is -104154 + -4?
-104160
In base 14, what is -2086 - -2a5?
-1bc1
In base 15, what is -127a - -3a?
-1240
In base 7, what is 50301 - -2?
50303
In base 2, what is 1000110101 + -1010101?
111100000
In base 12, what is 220 - -a5?
305
In base 4, what is -202332 - 233?
-203231
In base 9, what is 35 - 0?
35
In base 10, what is -1 - 42328?
-42329
In base 9, what is 106703 + -1?
106702
In base 14, what is -29 + 11d0a?
11cc1
In base 13, what is a708 + 3?
a70b
In base 10, what is 240 - -4440?
4680
In base 10, what is -16256 + -2?
-16258
In base 3, what is 110201 - -22220210?
100101111
In base 9, what is 343815 - 4?
343811
In base 4, what is -13303121003 + 11?
-13303120332
In base 8, what is -4205 - -60?
-4125
In base 13, what is -534 + -1?
-535
In base 5, what is 144402 + 40?
144442
In base 6, what is -2155 - 1040?
-3235
In base 7, what is -3 - -104340?
104334
In base 12, what is 2147 - -1?
2148
In base 8, what is 2517 - -125?
2644
In base 7, what is -34 + -114656?
-115023
In base 3, what is 11010021012 - -10?
11010021022
In base 9, what is 0 - -37433?
37433
In base 2, what is 11110100100011 - -1?
11110100100100
In base 3, what is 112202 - -11?
112220
In base 14, what is -9c7ab3 - -5?
-9c7aac
In base 7, what is -122522461 + -5?
-122522466
In base 6, what is 1 - -225512?
225513
In base 13, what is 3439 - -9?
3445
In base 7, what is 14515 + 1555?
16403
In base 14, what is 55b + 71?
5cc
In base 12, what is -3554 - -1?
-3553
In base 11, what is 2a53 + 2a6?
3249
In base 7, what is -1444261 + 1?
-1444260
In base 12, what is -123 + 19?
-106
In base 5, what is 31143 - -303?
32001
In base 5, what is 3 + 12010123?
12010131
In base 14, what is -21 - 6398?
-63b9
In base 7, what is 230 + 466?
1026
In base 15, what is d - -9386?
9394
In base 14, what is 130942 + 5?
130947
In base 8, what is 224673 + -2?
224671
In base 9, what is -1 + -788752?
-788753
In base 6, what is 130520 + 2?
130522
In base 6, what is 125 + 352?
521
In base 7, what is -6 - 6261?
-6300
In base 2, what is -110011111001 - 10001100?
-110110000101
In base 13, what is 1 + -15416?
-15415
In base 15, what is 5c + 25b?
2b8
In base 16, what is -68d - -13?
-67a
In base 3, what is -121 + 102120120102?
102120112211
In base 10, what is 6 - -4124?
4130
In base 13, what is -908 + -142?
-a4a
In base 16, what is -59b72 + 1?
-59b71
In base 12, what is -202 + -77?
-279
In base 2, what is 11001010001101 - -11011?
11001010101000
In base 3, what is 1100 - -222001?
1000101
In base 6, what is -4441 + -1110?
-5551
In base 2, what is 11110011001011101111 + -10?
11110011001011101101
In base 9, what is 1073 - 2684?
-1611
In base 8, what is 3 - -1213144?
1213147
In base 5, what is -43011231 - -4?
-43011222
In base 5, what is 3000 - 342?
2103
In base 4, what is -12 + -11202231?
-11202303
In base 8, what is 36474 + -135?
36337
In base 7, what is 53121 - -1?
53122
In base 5, what is -10 + 311211?
311201
In base 5, what is 223 + 14424?
20202
In base 8, what is -1204 - 352?
-1556
In base 15, what is 1 - 7ce6?
-7ce5
In base 12, what is 5b1 - 462?
14b
In base 13, what is -604c3 - -5?
-604bb
In base 2, what is 100111111111001 - 100?
100111111110101
In base 12, what is -4 - 106529?
-106531
In base 4, what is -13130 + 1201?
-11323
In base 3, what is 100222 + -1122202?
-1021210
In base 12, what is 880 + 391?
1051
In base 8, what is 12 + -242507?
-242475
In base 3, what is 100210020 - 1022?
100201221
In base 9, what is 76 - 17847?
-17761
In base 5, what is 322 - -103001?
103323
In base 2, what is 11011100110 + 0?
11011100110
In base 9, what is -82 - 37806?
-37888
In base 16, what is 117c4 + 3?
117c7
In base 14, what is -4 + -365b4?
-365b8
In base 10, what is -3 + 11545?
11542
In base 5, what is 23 - -40221?
40244
In base 11, what is -3104 + -13?
-3117
In base 4, what is 120333 - -213?
121212
In base 5, what is -40 + 2403033?
2402443
In base 9, what is -11503 - -20?
-11473
In base 6, what is 3000 + 11?
3011
In base 16, what is -627a + -ad?
-6327
In base 9, what is -3174 + -828?
-4113
In base 5, what is -234040 - -141?
-233344
In base 11, what is 4 - 11972?
-11969
In base 11, what is -3 + -466a?
-4672
In base 6, what is 2202441 - 4?
2202433
In base 11, what is -96503 - -13?
-964a0
In base 8, what is 2045763 + 2?
2045765
In base 9, what is -687175 - -5?
-687170
In base 8, what is -427376 + -5?
-427403
In base 16, what is -afb + 5c?
-a9f
In base 3, what is 1222 + 10220200212?
10220202211
In base 11, what is -29100 - 5?
-29105
In base 10, what is 180 + 71?
251
In base 7, what is -31 + -12313?
-12344
In base 7, what is -62 + 1036?
644
In base 4, what is -10221021 - 312?
-10221333
In base 12, what is 15945b9 + -4?
15945b5
In base 14, what is 182a + -2?
1828
In base 14, what is -48 - a18?
-a62
In base 5, what is 140243 - -42?
140340
In base 5, what is -10 + -431403?
-431413
In base 12, what is 10a2 - 82?
1020
In base 5, what is 4000400 + -10?
4000340
In base 10, what is -40294 + 4?
-40290
In base 4, what is -1321 - -23222?
21301
In base 6, what is 22 + -2110133?
-2110111
In base 8, what is -6 + 42703?
42675
In base 2, what is -1000 + -10110011001011?
-10110011010011
In base 16, what is -4c - 17?
-63
In base 7, what is 0 - 256322?
-256322
In base 7, what is -2 + 1102013?
1102011
In base 9, what is -106 + -2518?
-2625
In base 7, what is 220432 + -23?
220406
In base 14, what is 3 - -6b32?
6b35
In base 11, what is 21869 - 7?
21862
In base 4, what is 30 + 3103303?
3103333
In base 11, what is 1 + -8911a?
-89119
In base 13, what is 5 - -5302?
5307
In base 4, what is 120 + 110123223?
110130003
In base 12, what is 3 - -2058?
205b
In base 11, what is -6 + 35132?
35127
In base 13, what is 3 - -31516?
31519
In base 7, what is 310543 + 0?
310543
In base 16, what is a8e40 + -5?
a8e3b
In base 2, what is -101 + -101101000111011111?
-101101000111100100
In base 15, what is 11 - 4a10?
-49ee
In base 2, what is 10 + -1001010111111111?
-1001010111111101
In base 15, what is -3d38a + 5?
-3d385
In base 16, what is a + -5d5?
-5cb
In base 13, what is -3 + 61b9?
61b6
In base 9, what is -6 - 334873?
-334880
In base 15, what is 1a + -129?
-10e
In base 10, what is -85 - -839?
754
In base 4, what is -2 + 32131211?
32131203
In base 6, what is 145341232 - -5?
145341241
In base 7, what is -42506 - -2?
-42504
In base 11, what is 48 + 1459?
14a6
In base 5, what is 2 - -3342244?
3342301
In base 9, what is -7 - 1115?
-1123
In base 14, what is 0 + -955?
-955
In base 7, what is 0 - -33026?
33026
In base 4, what is 1 - 202000303?
-202000302
In base 2, what is -1101000101 - -1011110?
-1011100111
In base 8, what is 6216 + 1212?
7430
In base 10, what is 1 - 1106117?
-1106116
In base 3, what is 10 - 211201221?
-211201211
In base 13, what is 134b + a?
1358
In base 9, what is 15 + 27046?
27062
In base 9, what is -105 + 3604?
3488
In base 10, what is -22 - -3526?
3504
In base 2, what is -11001101011011 - -101?
-11001101010110
In base 15, what is 0 + -32430?
-32430
In base 9, what is -164183 + -1?
-164184
In base 4, what is 123311121 + 0?
123311121
In base 16, what is -2d5 + -cc?
-3a1
In base 15, what is 28905 - 4?
28901
In base 3, what is 2 + -1220101?
-1220022
In base 15, what is 0 - 1489c?
-1489c
In base 5, what is -112204 + -233?
-112442
In base 4, what is -301 + -120221?
-121122
In base 8, what is 1210 - 1446?
-236
In base 6, what is -2122 + -201?
-2323
In base 10, what is 5 + -112246?
-112241
In base 11, what is -13777 - 6?
-13782
In base 6, what is 3 - -153552?
153555
In base 8, what is 2654 + 3153?
6027
In base 15, what is -b0 + -430?
-4e0
In base 7, what is -3360302 - 4?
-3360306
In base 7, what is 1044563 + -2?
1044561
In base 8, what is 